b + 10*b. What is v(a)?
10
Let y(h) = -3*h + 3. Let k(g) = -g**3 + 5*g**2 - 4*g + 3. Let u(w) = 2*w**3 + 9*w**2 + 2*w - 4. Let l be u(-4). Let f be k(l). Determine y(f).
-6
Let b(f) = -2*f - 8. Let j = 25 + -11. Let t = 8 - j. Determine b(t).
4
Let c(n) = -n**3 + 5*n**2 - n + 4. Let q be 33/9 + (-4)/(-3). Calculate c(q).
-1
Suppose 3 = 3*c + 5*s, 5*c - 8 = -5*s + 7. Let g(z) = -6*z + c*z - z. Give g(-6).
6
Let g(t) = -2*t**3 + 3*t**2 + t - 6. Let s(u) = u**3 - u**2 - u + 3. Let v(r) = 2*g(r) + 5*s(r). Determine v(2).
9
Suppose 7*r - 4*v = 3*r + 176, -3*r - v = -152. Let l be 8/14 + 119/r. Let c(f) = f**2 - f + 4. Determine c(l).
10
Let h(t) = -1 - 4*t - 20*t**2 + 6*t**2 - 31 - 31*t. Let m(r) = -5*r**2 - 12*r - 11. Let z(g) = -4*h(g) + 11*m(g). Give z(-7).
0
Suppose -4*x = 30 - 10. Let y(c) = -c**3 - 5*c**2 + 1. What is y(x)?
1
Let t(u) = -u**3 + 7*u**2 - 1. Suppose -2*n + 0*k + 30 = -4*k, 2*n + k - 10 = 0. Give t(n).
-1
Let j(y) = 16*y - 32*y + y**3 + 4*y**2 + 11*y + 4. Give j(-5).
4
Let x(s) be the third derivative of -s**5/60 + s**4/24 + s**3/6 + 4*s**2. Let a be 1 + 1 - 0/(-2). What is x(a)?
-1
Let y(k) = -k**2 - k + 1. Let a be y(0). Let c(o) be the second derivative of -o**3 + 7*o. What is c(a)?
-6
Let f(v) = 4*v**2 + 9*v - 2. Let y(m) be the first derivative of 5*m**3/3 + 5*m**2 - 3*m - 2. Let o(x) = -4*f(x) + 3*y(x). Determine o(-5).
4
Suppose -18 = 8*j - 2. Let b = 5 - -2. Let q(n) = 5*n**3 + 4*n**2 + 2*n - 2. Let s(m) = -9*m**3 - 8*m**2 - 4*m + 4. Let o(f) = b*q(f) + 4*s(f). Give o(j).
-2
Let z = -3 + 3. Let o(l) = -l + 1. Let a(b) = -6*b + 14. Let h(k) = a(k) - 5*o(k). Calculate h(z).
9
Suppose -4*b + u + 3*u - 20 = 0, 2*b + 3*u - 15 = 0. Let p(n) be the first derivative of -n**4/4 + n**3/3 + n**2/2 + 6*n + 38. Calculate p(b).
6
Let m(d) = -d**2 + 9*d - 1. Let z be m(8). Let c(a) = a**2 - 8*a + 5. Give c(z).
-2
Let h(s) be the first derivative of -s - 5 + 2*s**2 + 6 + 2*s. Calculate h(2).
9
Let q(g) = 3*g**3 - 4*g**2 - 23*g - 2. Let j(f) = f**3 - f**2 - 8*f - 1. Let m(s) = 8*j(s) - 3*q(s). Suppose 9 = 5*l + 4*x, 2*x - 16 = 6*x. Determine m(l).
-2
Let x(s) = s**3 - 4*s**2 + s. Let a be x(4). Let w(d) = 2 + d - 1 + 4 - a. Give w(3).
4
Let x(g) = -8 + 4*g**3 + 0*g**3 + 2*g**2 + 8. Determine x(-2).
-24
Let d(n) = n. Suppose -3*h - 2*f = f - 18, 0 = -4*h - f + 24. Suppose h = -0*i - 2*i. What is d(i)?
-3
Suppose -2*z + 4 = i - z, 3*i + 4*z = 10. Let d(k) = -5 - 6*k + 3 + i*k + 2*k. Determine d(4).
6
Let d(z) = -2932*z + 2932*z + 4 - 8*z**2 - z**3. Determine d(-8).
4
Let a(b) = -b + 1. Let n be a(-2). Let s(j) = -n*j + 6*j + 0 - 1. Let v be 2/((4/3)/(10/(-15))). Give s(v).
-4
Suppose -3*a + 4 + 2 = 0. Let o = 12 + -19. Let r be a/(-7) - 37/o. Let d(j) = j**3 - 4*j**2 - 5*j - 6. What is d(r)?
-6
Let x(j) = -3*j - 1. Suppose 0 = -5*r + 95 + 30. Suppose -3*o + 8*o - r = 0. Suppose 0*t - 10 = -o*t. Give x(t).
-7
Let z be 231/(-84) - 2/8. Let x(q) = q + 2. Determine x(z).
-1
Let m = -18 - -13. Let b(o) be the third derivative of 5*o**2 + 0 + 0*o + 7/24*o**4 - 1/6*o**3 + 1/60*o**5. What is b(m)?
-11
Let l(i) = -1 - 2*i - 4*i - i**2 - 2*i + 2*i**2. Let a(t) = t**2 - 9*t. Let x(h) = -4*a(h) + 5*l(h). Calculate x(6).
7
Let d = 1 + 0. Let j(h) = -2 + 3*h**2 - 5*h**2 + 2*h + 5*h**3 + d. Determine j(1).
4
Let r(d) = -d**2 + 6*d - 8. Let m(a) = -3*a**2 + 18*a - 24. Let s(l) = -2*m(l) + 7*r(l). Determine s(6).
-8
Let m(l) = -204*l + 4 + 5*l**2 + 409*l + l**3 - 203*l. Suppose -1 = 2*q - r + 14, 3*r = 15. What is m(q)?
-6
Let i = -4 - 0. Let t(v) = 3*v - 3. Let o(u) be the second derivative of -2*u**3/3 + 3*u**2/2 + u. Let c(x) = i*o(x) - 5*t(x). Calculate c(-5).
-2
Let n(j) be the first derivative of j**4/4 - 2*j**3 - 3*j**2 + 4*j + 24. Calculate n(7).
11
Let p(j) be the third derivative of 0 + 4*j**2 + 1/6*j**4 + 0*j**3 + 0*j. Give p(2).
8
Let d(v) = 5*v + 4*v - 4*v - 2 - 3*v. Suppose 10 = 5*x - 0*x. What is d(x)?
2
Let l(a) be the third derivative of a**4/24 + a**3/6 + 8*a**2. Calculate l(-4).
-3
Let y(u) = -u**2 + 2*u + 6. Suppose -3*v + 3 - 13 = -5*g, -v + 2*g - 5 = 0. Give y(v).
-9
Suppose -4*b = 5*t + 19, 6 + 8 = -5*b - 3*t. Let j(x) = 1. Let d(k) = -k - 2. Let h(g) = b*d(g) + 2*j(g). Give h(6).
10
Let b be (0 - -2) + (-2*15)/(-5). Let p(m) = -m**3 + 9*m**2 - 9*m + 7. Give p(b).
-1
Let v(m) be the second derivative of 2*m**3/3 + 3*m**2/2 + 3*m. Let y(s) = -13 + 4 - s + 2*s. Let h be y(6). Determine v(h).
-9
Let y(o) be the second derivative of -o**4/12 - 7*o**3/6 - 7*o**2/2 + 10*o. Give y(-7).
-7
Let a(m) = m**3 - 4*m + 3. Let y be a(2). Let x be (-37)/(-7) - 14/49. Let i(v) = -x*v**2 - 2*v**y + 3*v**3 - 4 + 6*v + 2. What is i(4)?
6
Let q(u) = -u**2 - 6*u - 5. Suppose -2*d = -5*d. Suppose d = -v - 4. What is q(v)?
3
Let i(a) be the third derivative of 5*a**4/24 + a**3/3 + 3*a**2. Give i(-2).
-8
Let j(t) be the first derivative of -t**3/3 - 4*t**2 - 6*t - 2. Calculate j(-7).
1
Let x(l) = -l + 5*l**2 - 1 - 1 - 6*l**2 + 0. What is x(-2)?
-4
Suppose 2*j - 3*j = -4. Let b(u) = u**3 - 6*u**2 + 7*u - 5. Determine b(j).
-9
Let m(a) = a + 7. Let q be m(-8). Let b(u) = u**3 + u**2 - u - 1. Let t be b(q). Let n(w) = t*w + 0*w + w**2 - 3 - w. Calculate n(0).
-3
Let r(b) = 2*b**2 + b + 4*b**2 + 2*b. Let z(q) = -3*q**2 - 2*q. Suppose -4*n = -0*n + 12. Let a(t) = n*r(t) - 5*z(t). Determine a(1).
-2
Let c(b) = -b**2 + 6*b - 6. Let n(o) = 5*o - 25. Let q be n(6). What is c(q)?
-1
Let h(p) = -2*p**2 - p + 1. Let u be h(1). Let s(g) = 6 + 2 + g - 4. Calculate s(u).
2
Let a(g) = -16*g**3 - g**2 + 2*g + 2. Let d(v) = 32*v**3 + 2*v**2 - 3*v - 3. Let m(f) = -5*a(f) - 3*d(f). Calculate m(-1).
15
Let a(r) be the second derivative of r**3/6 - 4*r**2 - 2*r. Let t = 17 + -10. Let k(p) = p - 15. Let h(m) = t*a(m) - 4*k(m). Determine h(-4).
-8
Let c(g) = -12*g**3 - 51*g + 2 + 13*g**3 + 5*g**2 + 56*g. Calculate c(-3).
5
Let j(c) = 7*c**2 - 10*c - 1. Let a = 5 - 10. Let w(z) = 6*z**2 - 9*z - 2. Let x(b) = 3*b. Let f be x(2). Let y(p) = a*j(p) + f*w(p). Calculate y(5).
-2
Let r(a) = -a**3 + 6*a**2 - 5*a - 2. Let l be r(5). Let c be (3/(9/(-12)))/l. Let f(d) = -3*d**2 - c*d - 1 + 2 - 2. Calculate f(-1).
-2
Let z be -3*5*2/(-2). Suppose 5*u + 18 = -4*s + 3, -2*s = -5*u - z. Let h(d) = d**3 - d**2 - d - 1. Determine h(s).
-1
Let d be 68/6 - 4/(-6). Let y be 52/5 + d/(-30). Suppose -5*f - y = -3*f. Let v(u) = u**2 + 4*u - 5. What is v(f)?
0
Let y(f) = -f**2 + 10*f + 8. Suppose 0 = 4*p - 8*p + 40. Determine y(p).
8
Let u(i) = 26 - 7*i + 0*i - 25 - i**2. What is u(-6)?
7
Suppose 12 = -4*j - 0*j. Let r(n) = n + 3. Calculate r(j).
0
Let i(d) be the first derivative of 2/3*d**3 + d + 1/4*d**4 - 1 + 0*d**2. Suppose -2*y = -2 + 6. Calculate i(y).
1
Suppose -2*l - 9 = -11. Let h = 10 + -7. Let t(q) = -q**2 + 6*q**2 + q**h + l - 2*q + 6*q. Calculate t(-4).
1
Let v(y) be the second derivative of -1/6*y**3 + 2*y + 0 + 0*y**2. Give v(-2).
2
Let d(c) = c**2 + 6*c + 4. Let v = 9 - 6. Suppose -6 = -5*o + v*o. Suppose -4*j + 20 = 4*k + 48, 3*j = 5*k + o. What is d(j)?
-4
Suppose -3*p + 12 = -5*r, -5*r - 6 - 15 = -4*p. Suppose -2*k + 5*v = 3*v - 22, -3*v + p = 4*k. Let h(b) = 1 + 1 + k*b - 5 + 2. What is h(-1)?
-7
Let c(w) = 2*w**2 + 41*w + 11. Let u be c(-20). Let m(i) = -i + 1. Calculate m(u).
10
Let v(h) = -2 - 4 + 11*h - 9*h + 5. Suppose 3*k + 2 + 1 = 0. What is v(k)?
-3
Let v(y) = -5*y**2 - 1. Let q be (1 + 0)*(1 - -2). Let j = 1 - q. Let r = 1 + j. Calculate v(r).
-6
Let t(h) = h**3 - 6*h**2 - 7*h + 3. Let a be t(7). Let c(f) = 0*f + 4*f + 4 - a*f - f**2 - 6. Suppose -2*w + 6*w = 0. Calculate c(w).
-2
Let r(m) be the second derivative of -5*m**4/24 + m**3/6 + m**2 + 11*m. Let n(z) be the first derivative of r(z). Suppose k + 5 = -4*k. Determine n(k).
6
Let y(n) be the third derivative of n**5/30 - n**4/4 + 16*n**2. Calculate y(4).
8
Let f(n) be the first derivative of 2*n**3/3 + 9*n**2/2 + 10*n - 10. Let p(g) = -g**2 - 6*g - 7. Let o(x) = -5*f(x) - 7*p(x). Determine o(-2).
-7
Let j(s) be the second derivative of s**4/12 + 5*s**3/6 - 3*s**2 - 13*s. Let f = -6 - -1. Calculate j(f).
-6
Let n(a) be the first derivative of a**3/3 - 3*a - 17. Let d(z) = z - 2. Let f be d(2). Determine n(f).
-3
Suppose 2*v = -3*v + 245. Let w be -1 - 2 - v/(-7). Let a(h) = 2*h - 3. Calculate a(w).
5
Let x(c) = 82*